at is the greatest common divisor of z and s?
14
Let j be (-1)/(-1 - 0/1). Let y = 10 - 3. Calculate the highest common factor of y and j.
1
Suppose 3*f - 12 = 2*f. Calculate the highest common divisor of 6 and f.
6
Let c(x) = 2*x**3 - x - 1. Let j be c(-2). Let m be j/((-3)/3) + 1. Calculate the greatest common divisor of 144 and m.
16
Let b be 12*((-18)/6 - -4). What is the highest common factor of 8 and b?
4
Let m(l) = -19*l - 1. Let n be m(-1). What is the greatest common factor of 126 and n?
18
Suppose 0 = 3*a + 2*a - 175. Let i = 20 + a. Calculate the highest common divisor of 22 and i.
11
Let z be ((-1)/(-2))/(6/288). Calculate the highest common factor of z and 120.
24
Let g(b) = b + 10. Let k be (1 + 2 + -3)/(-2). Let u be g(k). Calculate the greatest common divisor of u and 2.
2
Let a(b) = 4*b**2 + 2*b + 1. Let r be a(-2). Calculate the highest common divisor of 39 and r.
13
Let n be (-9)/(-15) + (-291)/(-15). What is the highest common factor of 140 and n?
20
Suppose 82 = 5*t + 7. Suppose -2*f + 540 = 2*f. Calculate the greatest common divisor of f and t.
15
Suppose 5*p + 13 = 388. Calculate the highest common factor of p and 25.
25
Let l(q) = 12*q**2 - 2*q + 7. Let v be l(-3). Calculate the highest common factor of 11 and v.
11
Let z(f) = -f + 15. Let m be z(5). What is the highest common factor of m and 50?
10
Suppose -c = m - 20, -c + 84 = 4*m + c. Let k be (-5410)/(-45) + 4/(-18). Let h = k - 65. What is the greatest common factor of m and h?
11
Let n be (-1)/(429/216 + (-3 - -1)). Calculate the highest common divisor of n and 9.
9
Suppose 3*s = 45 - 3. What is the highest common factor of s and 140?
14
Let a = 33 + 41. Suppose 16 + a = 3*l + d, 60 = 2*l + d. What is the greatest common factor of 10 and l?
10
Suppose -3*t + 4*h - 10 = 0, -h = 4*t - 3 - 9. Let y be (-2 - -2)*1 - t. Let p be (-1)/y + 141/6. What is the highest common divisor of p and 16?
8
Suppose -w - 2*w = -18. Suppose 3*j + w = 2*j. Let b(k) = -k**3 - 7*k**2 - 8*k - 9. Let p be b(j). Calculate the greatest common divisor of 24 and p.
3
Let q = -186 - -284. Let l(s) = -2*s - 10. Let f be l(-12). What is the highest common divisor of q and f?
14
Suppose -44 = -4*a + 20. Let i be (370/(-4))/((-6)/12). Suppose 0 = -4*h + 71 + i. Calculate the highest common divisor of h and a.
16
Suppose -b + 32 = 4*t, -t - 78 - 124 = -5*b. Suppose -3*a - 2*a = -b. Let s = 57 - 25. What is the greatest common divisor of a and s?
8
Let b = -8 - -11. Let k(a) = a**2 + a**2 - 7*a - 3*a**2. Let t be k(-3). Calculate the highest common factor of t and b.
3
Suppose 0 = 4*u - 5*u - 2*l + 17, -3*l = 5*u - 64. What is the greatest common divisor of u and 99?
11
Let g be 1/1*-1 + (-26)/(-2). Calculate the greatest common divisor of 132 and g.
12
Let m(l) = 124*l - 8. Let w be m(2). Calculate the highest common factor of 60 and w.
60
Suppose -5*x = o + 2, x - 50 = 4*o - 0*x. Let l = o - -18. Suppose -3 = -5*i + 7. Calculate the highest common factor of i and l.
2
Suppose 3*h - 6*h = 2*m - 22, -5*h = 3*m - 37. Let i(x) = x**3 + 11*x**2 - 14*x + 8. Let a be i(-12). Calculate the greatest common divisor of h and a.
8
Let o(r) = -70*r**3 + r**2 + r. Let j be o(-1). Calculate the highest common divisor of j and 10.
10
Suppose 5*q = 15 + 5. Suppose 0*u = 2*u + 5*t - 99, -3*t + 177 = q*u. Calculate the greatest common divisor of u and 14.
14
Suppose -4*d + 360 = -0*n - n, 0 = 5*d + 2*n - 450. Suppose -2*i + d = 3*i. Calculate the highest common divisor of i and 18.
18
Let q be 31/(-2) + (-4)/(-8). Let n be (2 + 36/q)*-10. Let u be 2 + -4 + n - 1. What is the highest common divisor of u and 4?
1
Let g(o) = 19*o**2 - o - 2. Let q(x) = 2*x + x + x**3 + 3 - 1 - 2*x. Let h be q(0). Let t be g(h). Calculate the greatest common divisor of 9 and t.
9
Suppose -5*p + 48 = -77. Let f = -17 - p. Let m = -28 - f. Calculate the highest common divisor of 14 and m.
14
Let p(t) = 5*t**2 + t - 2. Let g be 20/(-8)*12/10. Let q be p(g). Suppose -d - 3*x + x = 0, -d = -2*x - 16. Calculate the greatest common factor of q and d.
8
Let l(i) = i**2 + 4*i - 4. Let o be l(-6). Let h be 0/((-2)/(-2) + -3). Suppose -p + 4 = -h. Calculate the greatest common divisor of p and o.
4
Let c(x) = -x - 3. Let h be c(-9). Let k be ((-3)/h*4)/(-2). What is the highest common divisor of 1 and k?
1
Suppose 80 = 4*r - 80. Calculate the highest common divisor of r and 10.
10
Let y = -11 - -17. Let j be ((-22)/(-2))/(3/y). Suppose -5*n - 4*p = -72 - 3, -2*n - 3*p = -37. Calculate the highest common divisor of j and n.
11
Let t be 4/(-10) + (-48)/(-20). Suppose t*l + 0 = 10. Let b = l - -1. Calculate the highest common factor of b and 48.
6
Let w(x) = x**3 + 5*x**2 - 4*x - 7. Suppose -g = -4 - 0. Suppose 3*n + g = -11. Let t be w(n). Calculate the greatest common factor of t and 117.
13
Let y = -2 - -51. Calculate the highest common factor of y and 7.
7
Let s(q) = -q**2 - 28*q + 16. Let k be s(-20). What is the highest common divisor of 22 and k?
22
Let n(v) = v**2 - 2*v + 9. Let p be n(2). Calculate the highest common factor of 6 and p.
3
Let q(n) = -n**3 - 2*n**2 - 2. Let t be q(-6). Let x = -70 + t. Calculate the greatest common factor of x and 9.
9
Let a = -17 - -19. Let u = 10 - a. Calculate the highest common factor of u and 24.
8
Suppose -2*x + 2*w + 14 = 0, -3*x + 6 + 5 = 2*w. Let v be (-5)/((-4)/16*2). Calculate the greatest common factor of v and x.
5
Let h = -72 - -104. Let s be ((-24)/(-9))/((-2)/(-12)). Calculate the greatest common factor of s and h.
16
Let g be -2 + 8/4 - -66. Calculate the greatest common factor of 6 and g.
6
Let x(w) = -w + 7. Let s be x(2). Calculate the greatest common divisor of s and 1.
1
Let v be (500/15)/((-2)/(-12)). Suppose 4*g + 2*t - v = t, 0 = t. Suppose 5 = j - 2*h, 2*h = -4*j + h + 20. What is the highest common factor of g and j?
5
Let c be 3 - (-178)/2 - 0. Suppose -p = r - 96, 3*p = -r + 2*r - c. Calculate the greatest common divisor of 38 and r.
19
Let c = 3 + -10. Let w be (c - -9)/(4/6). Calculate the highest common factor of w and 3.
3
Suppose -h = 2*h - 48. Let m = 36 + -4. What is the highest common factor of h and m?
16
Suppose -2*r + 87 = 5*m - 6*r, 2*m + r = 27. Suppose -3*h = -3*z + 15, 3*z + 3*h + 2*h = m. Calculate the highest common divisor of z and 20.
5
Let t be (-14)/(-5) - (-9)/45. Let w = t - -5. Calculate the highest common divisor of w and 64.
8
Let b be (12/(-14))/(2/(-70)). Let s = 8 - 5. Suppose 5*h - 2*f - 45 = s*f, -3*h = -4*f - 26. What is the highest common divisor of h and b?
10
Let m(p) = -5*p - 1. Let t be m(-2). Suppose 4*g - 25 = -a - t, 2*g + 8 = 0. What is the greatest common divisor of a and 32?
32
Let s = 1 - 4. Let n be ((-8)/12)/((-2)/s). Let x be (-28 - (n + 0))*-1. What is the greatest common divisor of x and 9?
9
Let v(r) = -r**2 - 5*r - 1. Let p be v(-4). Suppose 2*x - 3 - 4 = -3*s, 5*x - 7 = p*s. What is the highest common factor of 5 and s?
1
Let b be 0 - 4 - (-26)/2. Calculate the greatest common factor of 99 and b.
9
Suppose 3*b - 45 = -2*b. What is the greatest common divisor of 63 and b?
9
Suppose v - 16 = 94. Suppose 6 = -2*h, -x = -0*x + h - 7. What is the greatest common factor of x and v?
10
Let c = -31 + 42. Calculate the greatest common divisor of 11 and c.
11
Let v be 0 - (0 + 1) - -19. Suppose 5*u - 10*u = -720. Calculate the highest common factor of u and v.
18
Suppose 0*i - i = -87. Let h = i - 45. What is the highest common divisor of h and 14?
14
Let m(n) = n**3 + 19*n**2 - 19*n + 24. Let i be m(-20). Let h = -23 - -33. What is the greatest common divisor of h and i?
2
Let j = 31 + -19. What is the highest common factor of j and 108?
12
Let l(n) = n**2 - 3*n + 2. Let b be l(4). Let i(t) = t**3 - 6*t**2 + 3*t - 6. Let c be i(b). What is the highest common divisor of c and 12?
12
Suppose -2*v + 14*v - 264 = 0. Calculate the highest common divisor of v and 242.
22
Let d = 60 + -44. Calculate the greatest common factor of d and 56.
8
Suppose -2*a + 362 = 3*u - u, 0 = 4*a - 5*u - 679. Calculate the greatest common divisor of a and 16.
16
Let j be -4 - (-4 + 50)*-1. What is the highest common divisor of 6 and j?
6
Let r = -3 + 80. What is the highest common divisor of 11 and r?
11
Suppose -5*p + 4*i = 9, 2*p + 1 = -2*i - 17. Let m = p -